{"id":9,"date":"2022-02-17T15:21:19","date_gmt":"2022-02-17T15:21:19","guid":{"rendered":"https:\/\/bawip.web.th-koeln.de\/?page_id=9"},"modified":"2023-06-08T14:20:19","modified_gmt":"2023-06-08T14:20:19","slug":"ueber-das-projekt","status":"publish","type":"page","link":"https:\/\/bawip.web.th-koeln.de\/","title":{"rendered":"\u00dcber das Projekt"},"content":{"rendered":"\n<h2 class=\"wp-block-heading\" id=\"hintergrund\">Hintergrund<\/h2>\n\n\n\n<p>Das von der Georg-August-Universit\u00e4t zu G\u00f6ttingen in Auftrag gegebene Forschungsprojekt untersucht anhand einer quantitativen Erhebung und qualitativer Interviews Belastungen und Bedarfe des wissenschaftlichen Personals mit Pflegeverantwortung f\u00fcr Angeh\u00f6rige. Es handelt sich um eine der ersten gr\u00f6\u00dfer angelegten Studien zu diesem Thema. Angeh\u00f6rige verstehen wir dabei nicht im engen rechtlichen Sinne, sondern fassen darunter alle Personen, gegen\u00fcber denen wir uns verantwortlich f\u00fchlen k\u00f6nnen. F\u00fcr die Studie ist das Gef\u00fchl von Verantwortlichkeit der Befragten ausschlaggebend.<\/p>\n\n\n\n<p>Die Vereinbarkeit von Pflegeverantwortung und wissenschaftlicher T\u00e4tigkeit ist bisher kaum untersucht worden, obwohl es sich hierbei um ein hoch relevantes Thema handelt. Sch\u00e4tzungen gehen aktuell von 4,4 bis 5,4 Mio. Menschen mit Unterst\u00fctzungsbedarf aus und jede*r 11. Besch\u00e4ftigte leistet zus\u00e4tzlich zur Berufst\u00e4tigkeit Pflege f\u00fcr Angeh\u00f6rige. In den kommenden Jahren und Jahrzehnten wird sich die Anzahl Pflegebed\u00fcrftiger weiter erh\u00f6hen, sodass die Wahrscheinlichkeit steigt, dass Erwachsene im Laufe ihres Berufslebens Sorge- und Pflegeverantwortung \u00fcbernehmen. Dies betrifft auch das wissenschaftliche Personal an Hochschulen. Die wissenschaftliche Arbeitskultur, Verf\u00fcgbarkeitserwartungen, hohe Mobilit\u00e4tsanforderungen und zum Teil prek\u00e4re Besch\u00e4ftigungsverh\u00e4ltnisse in der Wissenschaft stellen Hochschulangeh\u00f6rige bei der Vereinbarkeit von Pflegeverantwortung und beruflicher T\u00e4tigkeit allerdings vor besondere Herausforderungen, die in diesem Projekt untersucht werden sollen.<\/p>\n\n\n\n<h2 class=\"wp-block-heading\" id=\"fragestellung-und-ziel\">Fragestellung und Ziel<\/h2>\n\n\n\n<p>Das Projekt untersucht die Belastungen und Unterst\u00fctzungsbedarfe des wissenschaftlichen Personals durch unterschiedliche Formen von Pflegeverantwortung f\u00fcr Angeh\u00f6rige sowie daraus entstehende Konsequenzen f\u00fcr die berufliche und gesundheitliche Situation.<\/p>\n\n\n\n<p>Auf Grundlage der gewonnen Erkenntnisse sollen bedarfsorientierte Ma\u00dfnahmen zur Verbesserung der Vereinbarkeit von Wissenschaft und Pflegeverantwortung und zur F\u00f6rderung der Chancengleichheit entwickelt werden.<\/p>\n\n\n\n<h2 class=\"wp-block-heading\" id=\"methodik\">Methodik<\/h2>\n\n\n\n<p>Methodisch wird ein mixed-method Ansatz realisiert:<\/p>\n\n\n\n<ul class=\"wp-block-list\">\n<li>In einer quantitativ-qualitativen Vollerhebung in Form einer Online-Umfrage wird das gesamte wissenschaftliche Personal zu Pflegeverantwortlichkeiten f\u00fcr Angeh\u00f6rige befragt.<\/li>\n<\/ul>\n\n\n\n<ul class=\"wp-block-list\">\n<li>In qualitativen Erhebungen werden relevante Akteur*innen der Hochschule zu ihren Erfahrungen und Einsch\u00e4tzungen befragt.<\/li>\n<\/ul>\n\n\n\n<ul class=\"wp-block-list\">\n<li>Bereits vorhandenes Material der Georg-August-Universit\u00e4t zu G\u00f6ttingen wird in Materialanalysen untersucht.<\/li>\n<\/ul>\n\n\n\n<p>Das gesamte Projektvorhaben orientiert sich an einem gendersensiblen und lebenslauforientierten Vorgehen. Dar\u00fcber hinaus werden im Sinne einer intersektionalen Analyse verschiedene Differenz-Kategorien ber\u00fccksichtigt und zu unterschiedlichen Pflegesituationen, Belastungskonstellationen und subjektiver Zufriedenheit mit der Pflegesituation in Beziehung gesetzt.<\/p>\n\n\n\n<h2 class=\"wp-block-heading\" id=\"laufzeit\">Laufzeit<\/h2>\n\n\n\n<p>Das Projekt hat eine Laufzeit von 24 Monaten (09\/21 \u2013 08\/23).<\/p>\n","protected":false},"excerpt":{"rendered":"<p>Hintergrund Das von der Georg-August-Universit\u00e4t zu G\u00f6ttingen in Auftrag gegebene Forschungsprojekt untersucht anhand einer quantitativen Erhebung und qualitativer Interviews Belastungen und Bedarfe des wissenschaftlichen Personals mit Pflegeverantwortung f\u00fcr Angeh\u00f6rige. Es handelt sich um eine der ersten gr\u00f6\u00dfer angelegten Studien zu diesem Thema. Angeh\u00f6rige verstehen wir dabei nicht im engen rechtlichen Sinne, sondern fassen darunter alle [&hellip;]<\/p>\n","protected":false},"author":1,"featured_media":0,"parent":0,"menu_order":0,"comment_status":"closed","ping_status":"closed","template":"page-templates\/front-page.php","meta":{"footnotes":""},"class_list":["post-9","page","type-page","status-publish","hentry"],"_links":{"self":[{"href":"https:\/\/bawip.web.th-koeln.de\/index.php?rest_route=\/wp\/v2\/pages\/9","targetHints":{"allow":["GET"]}}],"collection":[{"href":"https:\/\/bawip.web.th-koeln.de\/index.php?rest_route=\/wp\/v2\/pages"}],"about":[{"href":"https:\/\/bawip.web.th-koeln.de\/index.php?rest_route=\/wp\/v2\/types\/page"}],"author":[{"embeddable":true,"href":"https:\/\/bawip.web.th-koeln.de\/index.php?rest_route=\/wp\/v2\/users\/1"}],"replies":[{"embeddable":true,"href":"https:\/\/bawip.web.th-koeln.de\/index.php?rest_route=%2Fwp%2Fv2%2Fcomments&post=9"}],"version-history":[{"count":4,"href":"https:\/\/bawip.web.th-koeln.de\/index.php?rest_route=\/wp\/v2\/pages\/9\/revisions"}],"predecessor-version":[{"id":118,"href":"https:\/\/bawip.web.th-koeln.de\/index.php?rest_route=\/wp\/v2\/pages\/9\/revisions\/118"}],"wp:attachment":[{"href":"https:\/\/bawip.web.th-koeln.de\/index.php?rest_route=%2Fwp%2Fv2%2Fmedia&parent=9"}],"curies":[{"name":"wp","href":"https:\/\/api.w.org\/{rel}","templated":true}]}}

Über das Projekt

<h2 class="wp-block-heading" id="hintergrund">Hintergrund</h2>



<p>Das von der Georg-August-Universität zu Göttingen in Auftrag gegebene Forschungsprojekt untersucht anhand einer quantitativen Erhebung und qualitativer Interviews Belastungen und Bedarfe des wissenschaftlichen Personals mit Pflegeverantwortung für Angehörige. Es handelt sich um eine der ersten größer angelegten Studien zu diesem Thema. Angehörige verstehen wir dabei nicht im engen rechtlichen Sinne, sondern fassen darunter alle Personen, gegenüber denen wir uns verantwortlich fühlen können. Für die Studie ist das Gefühl von Verantwortlichkeit der Befragten ausschlaggebend.</p>



<p>Die Vereinbarkeit von Pflegeverantwortung und wissenschaftlicher Tätigkeit ist bisher kaum untersucht worden, obwohl es sich hierbei um ein hoch relevantes Thema handelt. Schätzungen gehen aktuell von 4,4 bis 5,4 Mio. Menschen mit Unterstützungsbedarf aus und jede*r 11. Beschäftigte leistet zusätzlich zur Berufstätigkeit Pflege für Angehörige. In den kommenden Jahren und Jahrzehnten wird sich die Anzahl Pflegebedürftiger weiter erhöhen, sodass die Wahrscheinlichkeit steigt, dass Erwachsene im Laufe ihres Berufslebens Sorge- und Pflegeverantwortung übernehmen. Dies betrifft auch das wissenschaftliche Personal an Hochschulen. Die wissenschaftliche Arbeitskultur, Verfügbarkeitserwartungen, hohe Mobilitätsanforderungen und zum Teil prekäre Beschäftigungsverhältnisse in der Wissenschaft stellen Hochschulangehörige bei der Vereinbarkeit von Pflegeverantwortung und beruflicher Tätigkeit allerdings vor besondere Herausforderungen, die in diesem Projekt untersucht werden sollen.</p>



<h2 class="wp-block-heading" id="fragestellung-und-ziel">Fragestellung und Ziel</h2>



<p>Das Projekt untersucht die Belastungen und Unterstützungsbedarfe des wissenschaftlichen Personals durch unterschiedliche Formen von Pflegeverantwortung für Angehörige sowie daraus entstehende Konsequenzen für die berufliche und gesundheitliche Situation.</p>



<p>Auf Grundlage der gewonnen Erkenntnisse sollen bedarfsorientierte Maßnahmen zur Verbesserung der Vereinbarkeit von Wissenschaft und Pflegeverantwortung und zur Förderung der Chancengleichheit entwickelt werden.</p>



<h2 class="wp-block-heading" id="methodik">Methodik</h2>



<p>Methodisch wird ein mixed-method Ansatz realisiert:</p>



<ul class="wp-block-list">
<li>In einer quantitativ-qualitativen Vollerhebung in Form einer Online-Umfrage wird das gesamte wissenschaftliche Personal zu Pflegeverantwortlichkeiten für Angehörige befragt.</li>
</ul>



<ul class="wp-block-list">
<li>In qualitativen Erhebungen werden relevante Akteur*innen der Hochschule zu ihren Erfahrungen und Einschätzungen befragt.</li>
</ul>



<ul class="wp-block-list">
<li>Bereits vorhandenes Material der Georg-August-Universität zu Göttingen wird in Materialanalysen untersucht.</li>
</ul>



<p>Das gesamte Projektvorhaben orientiert sich an einem gendersensiblen und lebenslauforientierten Vorgehen. Darüber hinaus werden im Sinne einer intersektionalen Analyse verschiedene Differenz-Kategorien berücksichtigt und zu unterschiedlichen Pflegesituationen, Belastungskonstellationen und subjektiver Zufriedenheit mit der Pflegesituation in Beziehung gesetzt.</p>



<h2 class="wp-block-heading" id="laufzeit">Laufzeit</h2>



<p>Das Projekt hat eine Laufzeit von 24 Monaten (09/21 – 08/23).</p>

<p>Hintergrund Das von der Georg-August-Universität zu Göttingen in Auftrag gegebene Forschungsprojekt untersucht anhand einer quantitativen Erhebung und qualitativer Interviews Belastungen und Bedarfe des wissenschaftlichen Personals mit Pflegeverantwortung für Angehörige. Es handelt sich um eine der ersten größer angelegten Studien zu diesem Thema. Angehörige verstehen wir dabei nicht im engen rechtlichen Sinne, sondern fassen darunter alle [&hellip;]</p>
