{"id":10,"date":"2022-02-17T15:21:19","date_gmt":"2022-02-17T15:21:19","guid":{"rendered":"https:\/\/bawip.web.th-koeln.de\/?page_id=10"},"modified":"2023-07-13T07:45:01","modified_gmt":"2023-07-13T07:45:01","slug":"team","status":"publish","type":"page","link":"https:\/\/bawip.web.th-koeln.de\/?page_id=10","title":{"rendered":"Team"},"content":{"rendered":"\t\t<div data-elementor-type=\"wp-page\" data-elementor-id=\"10\" class=\"elementor elementor-10\">\n\t\t\t\t\t\t<section class=\"elementor-section elementor-top-section elementor-element elementor-element-6cd5b5c elementor-section-boxed elementor-section-height-default elementor-section-height-default\" data-id=\"6cd5b5c\" data-element_type=\"section\">\n\t\t\t\t\t\t<div class=\"elementor-container elementor-column-gap-default\">\n\t\t\t\t\t<div class=\"elementor-column elementor-col-100 elementor-top-column elementor-element elementor-element-58dd1bfb\" data-id=\"58dd1bfb\" data-element_type=\"column\">\n\t\t\t<div class=\"elementor-widget-wrap elementor-element-populated\">\n\t\t\t\t\t\t<div class=\"elementor-element elementor-element-49cd829a elementor-widget elementor-widget-text-editor\" data-id=\"49cd829a\" data-element_type=\"widget\" data-widget_type=\"text-editor.default\">\n\t\t\t\t<div class=\"elementor-widget-container\">\n\t\t\t\t\t\t\t\t\t<p><\/p>\n<h2 class=\"wp-block-heading\" id=\"projektleitung\">Projektleitung<\/h2>\n<p><\/p>\n<p><\/p>\n<div class=\"wp-block-columns is-layout-flex wp-container-core-columns-is-layout-9d6595d7 wp-block-columns-is-layout-flex\">\n<p><\/p>\n<div class=\"wp-block-column is-layout-flow wp-block-column-is-layout-flow\">\n<p><\/p>\n<figure class=\"wp-block-image size-full is-style-default\"><img fetchpriority=\"high\" decoding=\"async\" width=\"256\" height=\"222\" class=\"wp-image-61\" src=\"http:\/\/bawip.web.th-koeln.de\/wp-content\/uploads\/2022\/02\/inken_lind.png\" alt=\"\"><p><\/p>\n<p>&nbsp;<\/p>\n<figcaption>Prof. Dr. Inken Lind<\/figcaption>\n<\/figure>\n<p><\/p>\n<\/div>\n<p><\/p>\n<p><\/p>\n<div class=\"wp-block-column is-layout-flow wp-block-column-is-layout-flow\">\n<p><\/p>\n<p>Prof. Dr. Inken Lind<br>TH K\u00f6ln<br>Fakult\u00e4t f\u00fcr Angewandte Sozialwissenschaften<br>Institut f\u00fcr Geschlechterstudien<br>Gustav-Heinemann-Ufer 54<br>50968 K\u00f6ln<br>Tel. 0221\/8275-3165<br>E-Mail: <a href=\"mailto:inken.lind@th-koeln.de\">inken.lind@th-koeln.de<\/a> <br>Web: <a href=\"https:\/\/www.th-koeln.de\/personen\/inken.lind\/\">https:\/\/www.th-koeln.de\/personen\/inken.lind\/<\/a><\/p>\n<p><\/p>\n<\/div>\n<p><\/p>\n<p><\/p>\n<div class=\"wp-block-column is-layout-flow wp-block-column-is-layout-flow\">&nbsp;<\/div>\n<p><\/p>\n<\/div>\n<p><\/p>\n<p><\/p>\n<h2 class=\"wp-block-heading\" id=\"wissenschaftliche-hilfskraft\">Wissenschaftliche Hilfskraft<\/h2>\n<p><\/p>\n<p><\/p>\n<div class=\"wp-block-columns is-layout-flex wp-container-core-columns-is-layout-9d6595d7 wp-block-columns-is-layout-flex\">\n<p><\/p>\n<div class=\"wp-block-column is-layout-flow wp-block-column-is-layout-flow\">&nbsp;<\/div>\n<p><\/p>\n<p><\/p>\n<div class=\"wp-block-column is-layout-flow wp-block-column-is-layout-flow\">\n<p><\/p>\n<p>Julia Hey<br>TH K\u00f6ln<br>Fakult\u00e4t f\u00fcr Angewandte Sozialwissenschaften<br>Institut f\u00fcr Geschlechterstudien<br>E-Mail:<a href=\"mailto: julia_isabell.hey@th-koeln.de\" target=\"_blank\"> julia_isabell.hey@th-koeln.de <\/a><\/p>\n<p><\/p>\n<\/div>\n<p><\/p>\n<p><\/p>\n<div class=\"wp-block-column is-layout-flow wp-block-column-is-layout-flow\">&nbsp;<\/div>\n<p><\/p>\n<\/div>\n<p><\/p>\n<p><\/p>\n<p><\/p>\t\t\t\t\t\t\t\t<\/div>\n\t\t\t\t<\/div>\n\t\t\t\t\t<\/div>\n\t\t<\/div>\n\t\t\t\t\t<\/div>\n\t\t<\/section>\n\t\t\t\t<\/div>\n\t\t","protected":false},"excerpt":{"rendered":"<p>Projektleitung Prof. Dr. Inken LindTH K\u00f6lnFakult\u00e4t f\u00fcr Angewandte SozialwissenschaftenInstitut f\u00fcr GeschlechterstudienGustav-Heinemann-Ufer 5450968 K\u00f6lnTel. 0221\/8275-3165E-Mail: inken.lind@th-koeln.de Web: https:\/\/www.th-koeln.de\/personen\/inken.lind\/ &nbsp; Wissenschaftliche Hilfskraft &nbsp; Julia HeyTH K\u00f6lnFakult\u00e4t f\u00fcr Angewandte SozialwissenschaftenInstitut f\u00fcr GeschlechterstudienE-Mail: julia_isabell.hey@th-koeln.de &nbsp;<\/p>\n","protected":false},"author":1,"featured_media":0,"parent":0,"menu_order":0,"comment_status":"closed","ping_status":"closed","template":"page-templates\/front-page.php","meta":{"footnotes":""},"class_list":["post-10","page","type-page","status-publish","hentry"],"_links":{"self":[{"href":"https:\/\/bawip.web.th-koeln.de\/index.php?rest_route=\/wp\/v2\/pages\/10","targetHints":{"allow":["GET"]}}],"collection":[{"href":"https:\/\/bawip.web.th-koeln.de\/index.php?rest_route=\/wp\/v2\/pages"}],"about":[{"href":"https:\/\/bawip.web.th-koeln.de\/index.php?rest_route=\/wp\/v2\/types\/page"}],"author":[{"embeddable":true,"href":"https:\/\/bawip.web.th-koeln.de\/index.php?rest_route=\/wp\/v2\/users\/1"}],"replies":[{"embeddable":true,"href":"https:\/\/bawip.web.th-koeln.de\/index.php?rest_route=%2Fwp%2Fv2%2Fcomments&post=10"}],"version-history":[{"count":17,"href":"https:\/\/bawip.web.th-koeln.de\/index.php?rest_route=\/wp\/v2\/pages\/10\/revisions"}],"predecessor-version":[{"id":140,"href":"https:\/\/bawip.web.th-koeln.de\/index.php?rest_route=\/wp\/v2\/pages\/10\/revisions\/140"}],"wp:attachment":[{"href":"https:\/\/bawip.web.th-koeln.de\/index.php?rest_route=%2Fwp%2Fv2%2Fmedia&parent=10"}],"curies":[{"name":"wp","href":"https:\/\/api.w.org\/{rel}","templated":true}]}}